tors of 19/((-513)/(-22122))*6/4.
1229
Let m = 80 + 120. List the prime factors of m.
2, 5
Suppose 0*h + 9 = 2*h + v, 2*h - 3*v + 3 = 0. Suppose -3*k + 6 = -3*o + 6*o, 0 = -h*k - 3. Let b = 25 - o. List the prime factors of b.
2, 11
Suppose -4*q = 16, -2*p + 6*q - 4*q + 8 = 0. Suppose -6*k + 27 + 45 = p. What are the prime factors of (-16)/k*39/(-2)?
2, 13
Let v = 40 - 38. Suppose 2*m = a + 4, -4*m - 3*a = -v*a - 20. Suppose 0 = -2*w + m*j + 120, j + 2*j - 235 = -5*w. List the prime factors of w.
2, 5
Let x(l) = l**3 - 8*l**2 - 20*l - 10. Let w be x(10). List the prime factors of 524*(w/4 + 3).
2, 131
Let q be ((-112)/(-40))/((-2)/(-10)). Suppose -2*u = -3*j - 25 + 1, q = 3*u + j. List the prime factors of u.
2, 3
Let s(q) = q - 3 - 4*q**2 + 1 + 3*q**2 + 1. Let c be s(2). Let y(g) = g**3 + 3*g**2 + 2. What are the prime factors of y(c)?
2
What are the prime factors of (-16)/(-28) - (-19844)/14?
2, 709
Let x(r) = -16*r**3 + 25*r**2 + 45*r - 14. Let z(s) = -3*s**3 + 5*s**2 + 9*s - 3. Let y = 26 + -15. Let h(u) = y*z(u) - 2*x(u). List the prime factors of h(6).
13
Let v = 13 + 0. Let x = -10 + v. Suppose 0 = x*j - 3 - 54. List the prime factors of j.
19
Let m(u) = -2 + 0*u**2 - 4*u**2 - 14*u + 6*u**2 + 11. What are the prime factors of m(8)?
5
Let u(h) = -130*h + 19. Let k be u(1). Let w(c) = -c**2 - c - 58. Let d be w(0). Let l = d - k. What are the prime factors of l?
53
Let w(y) = -y**2 - 6*y - 4. Let h be w(-4). Suppose 6 + 7 = -4*l + z, -4*z = -2*l + h. Let g(p) = p**3 + 5*p**2 - p + 9. What are the prime factors of g(l)?
29
Suppose -13*n + 799 + 18545 = 0. What are the prime factors of n?
2, 3, 31
Let s(l) = 2*l + 6. Let w be (4/12)/(1/15). Let u be s(w). Suppose 0 = -v - 3*x - 2, v + v = 4*x + u. What are the prime factors of v?
2
Let s = -14 + 127. Suppose s - 32 = 3*k. List the prime factors of k.
3
Suppose -4*x - k = -102, -4*x - k = -4*k - 94. Suppose -2*z + 17 = -z. Let n = x - z. What are the prime factors of n?
2
Let z(n) = 2*n**3 - 6*n**2 + 5*n + 5. Let u = 27 + -23. What are the prime factors of z(u)?
3, 19
Suppose 7*n + n - 4224 = 0. List the prime factors of n.
2, 3, 11
Let j be (-15)/(-10)*4/3. Suppose j*f - 26 = -3*x, -5*f + f = -x - 24. List the prime factors of 1 - 0 - (f - 11).
5
Suppose -4*v + 837 = 241. Suppose v = 5*o - c - c, -146 = -5*o + 3*c. List the prime factors of o.
31
Suppose 1087 = 4*m - 2*v + 259, 3*v = 3*m - 615. List the prime factors of m.
11, 19
Let s = 521 + -285. Let q = s + -131. What are the prime factors of q?
3, 5, 7
Let m(d) be the third derivative of d**5/60 + d**4/6 + 4*d**2. Let p be m(-5). Suppose -32 - 23 = -p*c. List the prime factors of c.
11
Let i = -89 + 140. List the prime factors of i.
3, 17
What are the prime factors of 1*3*16/((-16)/(-75))?
3, 5
Let s be (-4)/8 - (-343)/(-2). Let j = -56 - s. What are the prime factors of j?
2, 29
Let j(v) = -v**3 - 5*v**2 + 5*v - 2. Let u be j(-6). Suppose -u*g + 0*q - 2*q + 38 = 0, 2*q = g - 2. Let w = g - -8. What are the prime factors of w?
2
Suppose -12 = -2*o + 34. Suppose o*a - 445 = 18*a. List the prime factors of a.
89
Let z = -72 - -46. What are the prime factors of 40/((4/15)/(z/(-39)))?
2, 5
Suppose 0 = -23*b + 206 + 691. Let k be (-3)/2*8/(-3). Suppose -b = -2*c + k*q + 51, -4*q = -c + 53. What are the prime factors of c?
37
Suppose -66*h + 64*h = -3988. What are the prime factors of h?
2, 997
Let q(f) = -2*f - 5. Let s be q(-4). Suppose -115 = s*p - 22. What are the prime factors of (p + -2)/(-1) + -3?
2, 3, 5
Suppose 2*w - 58 = k, -k + 3*w = -2*w + 70. Let f = -25 - k. What are the prime factors of f?
5
Suppose 2 = -r, 5*n - 10082 = -6*r + 2*r. What are the prime factors of n?
2, 1009
Let b = 1 - 1. Suppose 0*k - 4*k + 20 = b. Suppose -24 = -k*j + 2*j. List the prime factors of j.
2
Let k(w) = w**3 - 2*w**2 - 4*w - 10. Let v be k(7). Suppose 0 = 3*c - 2*h - 118 - 36, -v = -4*c + 3*h. What are the prime factors of c?
2, 3
Let k(u) = 88*u**2 - u. Let m be k(1). Let f = m + -44. List the prime factors of f.
43
Let v(c) = 2*c - 18. Let s be v(8). List the prime factors of ((-8)/8)/(s/114).
3, 19
Suppose 5 = -5*d, -5*v + 4*v - 3 = -5*d. Let j = v + 6. List the prime factors of (-9 - 5)*1/j.
7
Let r = 1769 + 788. What are the prime factors of r?
2557
Let r(g) = 2*g**2 - g**2 + g**2. Suppose 4 - 11 = -7*y. List the prime factors of r(y).
2
Let r = -862 + 1375. List the prime factors of r.
3, 19
Suppose 207*w - 217*w + 11350 = 0. List the prime factors of w.
5, 227
Let s(t) = 2*t**2 - 7 - t + 45 + 8. Suppose -6*w + 3*w = 4*q - 6, 2 = w. What are the prime factors of s(q)?
2, 23
Let i = -57 + -3. Let d = i - -205. List the prime factors of d.
5, 29
Suppose 9*l = 5*l - 5*r + 2505, r = -l + 625. List the prime factors of l.
2, 5, 31
Suppose 5*g - u = 11 - 54, 3*g + 17 = 5*u. Let k be ((-363)/g + 1)*3. Suppose -q - 3*q = -k. What are the prime factors of q?
31
Let p = 6692 + -4659. What are the prime factors of p?
19, 107
Let y be (-23 + 2)*(-2)/((-4)/(-2)). Let n = 15 + 28. Suppose 0 = 4*i - n - y. List the prime factors of i.
2
Let v(b) = -b**2 - 1. Let o(c) = 4*c**2 + 2*c + 4. Let t(a) = -o(a) - 5*v(a). Let d = 24 - 28. What are the prime factors of t(d)?
5
What are the prime factors of (-351)/(-81)*(-474)/(-2)?
13, 79
Suppose 5*y - 492 = 3*s, 665 - 181 = 5*y - s. List the prime factors of y.
2, 3
Let t = -494 - -1121. What are the prime factors of t?
3, 11, 19
Let q be (-4)/6*(-42)/4. Let y = q + 8. Let v = 10 + y. What are the prime factors of v?
5
Let l = -7 + 9. Suppose l*f - 64 = -2*f. Suppose -f - 32 = -2*z. List the prime factors of z.
2, 3
Let g(w) = 2*w**2 + 7*w + 21. Suppose 14*m + 20 = 10*m. What are the prime factors of g(m)?
2, 3
Let a be (-8)/((-16)/54) + 3. Suppose -a*c = -33*c + 231. List the prime factors of c.
7, 11
List the prime factors of (-48100)/(-400) - (1 + 3/(-4)).
2, 3, 5
Let x(a) = 6*a**3 - 4*a**2 - a - 18. Let q(y) = 5*y**3 - 5*y**2 - 17. Let t(f) = 5*q(f) - 4*x(f). Suppose -36 = -3*v - v. List the prime factors of t(v).
23
Suppose 3*c = -2*c - 10. List the prime factors of c + (-8)/(-1) + -1.
5
Suppose 23*o = 19*o + 280. Let n = o - 28. What are the prime factors of n?
2, 3, 7
Suppose 0 = -5*l + 2*c + 3972, -4*c + 7*c - 12 = 0. What are the prime factors of l?
2, 199
Let h(b) = -11*b + 5. Let i be h(-1). Let z = i - -15. List the prime factors of z.
31
Let h(s) = -s + 36. Suppose -4*f + 14 = -a, -a - 4*f = -5*a - 8. Suppose -j + 2*l = -a*l - 20, 0 = -5*j - 5*l - 25. List the prime factors of h(j).
2, 3
Let w = 8 - 4. Suppose 0*i + i - 129 = -w*t, -t + 33 = i. Suppose -t = -12*o + 10*o. What are the prime factors of o?
2
Let p(c) = c**2 + 61. Let y be (0 - 1)*(-4 + 4). Let k be p(y). Suppose 5*a - k = 69. What are the prime factors of a?
2, 13
Let l(m) = 613*m**2 - 9*m - 7. What are the prime factors of l(-2)?
3, 821
Let a(x) = -24*x - 7. Let y = -14 + 11. What are the prime factors of a(y)?
5, 13
Let x be ((-3)/1 - 309)/(-1). Suppose 0*c = 4*c - 4, 3*d = 3*c + x. What are the prime factors of d?
3, 5, 7
Let u be (2/6)/((-2)/(-6)). Let n be -5*(-2 + 1) - u. Let i = n + -1. List the prime factors of i.
3
Let q(m) = -m**3 - 33*m**2 - 28*m - 306. List the prime factors of q(-33).
2, 3, 103
Let y(g) = -2*g**3 + g**2 + 2*g + 484. Let x be y(0). Suppose 12*q = 14*q - x. What are the prime factors of q?
2, 11
Let l(c) = 668*c + 14. Let j be l(2). List the prime factors of 15/(-20) + 1 - j/(-8).
13
Let g(m) = -m**3 - 2*m**2 + 1. Let k be g(-1). Let c be k/(-2) + (3 - -17). Let h = 8 + c. What are the prime factors of h?
2, 7
Suppose 0 = -3*s + 486 + 1638. Suppose 6*j - s = 2*j. What are the prime factors of j?
3, 59
Suppose 0 = -2*z + 338 + 32. What are the prime factors of z?
5, 37
Let g(y) = -4*y - 6*y + 8 + 8*y + y**2. List the prime factors of g(0).
2
Suppose -7*p = -4*p + 51. Let j = p + 152. What are the prime factors of j?
3, 5
Suppose 311 = y - 138. List the prime factors of y.
449
Let f(s) = s - 1. Let d(n) = 16*n - 6. Let c(i) = d(i) - 8*f(i). What are the prime factors of c(6)?
2, 5
Suppose -5*h + 4*h + 5*p + 3015 = 0, 0 = 11*h + p - 32885. What are the prime factors of h?
2, 5, 13, 23
Suppose -7*z = -12*z + 25. Suppose -4*q = -z*l - 28, -16 = 2*q + 6*l - l. Suppose -4*t - 3*w + 112 + 0 = 0, -q*t + 66 = -w. Wha